{"version":"1.0","provider_name":"Calmon Divulga\u00e7\u00f5es","provider_url":"https:\/\/calmondivulgacoes.com.br\/en","author_name":"Calmon Divulga\u00e7\u00f5es","author_url":"https:\/\/calmondivulgacoes.com.br\/en\/autor\/calmondivulgacoesgmail-com\/","title":"Miguel Calmon concede reajuste de 3,81% a servidores do Legislativo e vereadores - Calmon Divulga\u00e7\u00f5es","type":"rich","width":600,"height":338,"html":"<blockquote class=\"wp-embedded-content\" data-secret=\"hbj88adTOv\"><a href=\"https:\/\/calmondivulgacoes.com.br\/en\/miguel-calmon-concede-reajuste\/\">Miguel Calmon concede reajuste de 3,81% a servidores do Legislativo e vereadores<\/a><\/blockquote><iframe sandbox=\"allow-scripts\" security=\"restricted\" src=\"https:\/\/calmondivulgacoes.com.br\/en\/miguel-calmon-concede-reajuste\/embed\/#?secret=hbj88adTOv\" width=\"600\" height=\"338\" title=\"&#8220;Miguel Calmon concede reajuste de 3,81% a servidores do Legislativo e vereadores&#8221; &#8212; Calmon Divulga\u00e7\u00f5es\" data-secret=\"hbj88adTOv\" frameborder=\"0\" marginwidth=\"0\" marginheight=\"0\" scrolling=\"no\" class=\"wp-embedded-content\"><\/iframe><script>\n\/*! This file is auto-generated *\/\n!function(d,l){\"use strict\";l.querySelector&&d.addEventListener&&\"undefined\"!=typeof URL&&(d.wp=d.wp||{},d.wp.receiveEmbedMessage||(d.wp.receiveEmbedMessage=function(e){var t=e.data;if((t||t.secret||t.message||t.value)&&!\/[^a-zA-Z0-9]\/.test(t.secret)){for(var s,r,n,a=l.querySelectorAll('iframe[data-secret=\"'+t.secret+'\"]'),o=l.querySelectorAll('blockquote[data-secret=\"'+t.secret+'\"]'),c=new RegExp(\"^https?:$\",\"i\"),i=0;i<o.length;i++)o[i].style.display=\"none\";for(i=0;i<a.length;i++)s=a[i],e.source===s.contentWindow&&(s.removeAttribute(\"style\"),\"height\"===t.message?(1e3<(r=parseInt(t.value,10))?r=1e3:~~r<200&&(r=200),s.height=r):\"link\"===t.message&&(r=new URL(s.getAttribute(\"src\")),n=new URL(t.value),c.test(n.protocol))&&n.host===r.host&&l.activeElement===s&&(d.top.location.href=t.value))}},d.addEventListener(\"message\",d.wp.receiveEmbedMessage,!1),l.addEventListener(\"DOMContentLoaded\",function(){for(var e,t,s=l.querySelectorAll(\"iframe.wp-embedded-content\"),r=0;r<s.length;r++)(t=(e=s[r]).getAttribute(\"data-secret\"))||(t=Math.random().toString(36).substring(2,12),e.src+=\"#?secret=\"+t,e.setAttribute(\"data-secret\",t)),e.contentWindow.postMessage({message:\"ready\",secret:t},\"*\")},!1)))}(window,document);\n\/\/# sourceURL=https:\/\/calmondivulgacoes.com.br\/wp-includes\/js\/wp-embed.min.js\n<\/script>","thumbnail_url":"https:\/\/calmondivulgacoes.com.br\/wp-content\/uploads\/2026\/04\/verea1-1.png","thumbnail_width":809,"thumbnail_height":619,"description":"A Prefeitura de Miguel Calmon sancionou a Lei n\u00ba 809\/2026, que autoriza a revis\u00e3o geral anual dos vencimentos dos servidores do Poder Legislativo municipal, al\u00e9m dos subs\u00eddios dos vereadores e do presidente da C\u00e2mara. O reajuste estabelecido \u00e9 de 3,81%, com base na recomposi\u00e7\u00e3o inflacion\u00e1ria medida pelo \u00cdndice de Pre\u00e7os ao Consumidor Amplo (IPCA) acumulado [&hellip;]"}

Calmon Divulgações

Miguel Calmon concede reajuste de 3,81% a servidores do Legislativo e vereadores - Calmon Divulgações

<blockquote class="wp-embedded-content" data-secret="hbj88adTOv"><a href="https://calmondivulgacoes.com.br/en/miguel-calmon-concede-reajuste/">Miguel Calmon concede reajuste de 3,81% a servidores do Legislativo e vereadores</a></blockquote><iframe sandbox="allow-scripts" security="restricted" src="https://calmondivulgacoes.com.br/en/miguel-calmon-concede-reajuste/embed/#?secret=hbj88adTOv" width="600" height="338" title="&#8220;Miguel Calmon concede reajuste de 3,81% a servidores do Legislativo e vereadores&#8221; &#8212; Calmon Divulgações" data-secret="hbj88adTOv" frameborder="0" marginwidth="0" marginheight="0" scrolling="no" class="wp-embedded-content"></iframe><script>
/*! This file is auto-generated */
!function(d,l){"use strict";l.querySelector&&d.addEventListener&&"undefined"!=typeof URL&&(d.wp=d.wp||{},d.wp.receiveEmbedMessage||(d.wp.receiveEmbedMessage=function(e){var t=e.data;if((t||t.secret||t.message||t.value)&&!/[^a-zA-Z0-9]/.test(t.secret)){for(var s,r,n,a=l.querySelectorAll('iframe[data-secret="'+t.secret+'"]'),o=l.querySelectorAll('blockquote[data-secret="'+t.secret+'"]'),c=new RegExp("^https?:$","i"),i=0;i<o.length;i++)o[i].style.display="none";for(i=0;i<a.length;i++)s=a[i],e.source===s.contentWindow&&(s.removeAttribute("style"),"height"===t.message?(1e3<(r=parseInt(t.value,10))?r=1e3:~~r<200&&(r=200),s.height=r):"link"===t.message&&(r=new URL(s.getAttribute("src")),n=new URL(t.value),c.test(n.protocol))&&n.host===r.host&&l.activeElement===s&&(d.top.location.href=t.value))}},d.addEventListener("message",d.wp.receiveEmbedMessage,!1),l.addEventListener("DOMContentLoaded",function(){for(var e,t,s=l.querySelectorAll("iframe.wp-embedded-content"),r=0;r<s.length;r++)(t=(e=s[r]).getAttribute("data-secret"))||(t=Math.random().toString(36).substring(2,12),e.src+="#?secret="+t,e.setAttribute("data-secret",t)),e.contentWindow.postMessage({message:"ready",secret:t},"*")},!1)))}(window,document);
//# sourceURL=https://calmondivulgacoes.com.br/wp-includes/js/wp-embed.min.js
</script>

A Prefeitura de Miguel Calmon sancionou a Lei nº 809/2026, que autoriza a revisão geral anual dos vencimentos dos servidores do Poder Legislativo municipal, além dos subsídios dos vereadores e do presidente da Câmara. O reajuste estabelecido é de 3,81%, com base na recomposição inflacionária medida pelo Índice de Preços ao Consumidor Amplo (IPCA) acumulado [&hellip;]
