{"version":"1.0","provider_name":"Calmon Divulga\u00e7\u00f5es","provider_url":"https:\/\/calmondivulgacoes.com.br\/en","author_name":"Calmon Divulga\u00e7\u00f5es","author_url":"https:\/\/calmondivulgacoes.com.br\/en\/autor\/calmondivulgacoesgmail-com\/","title":"Ex-vereador Marlus Muriel Almeida Andrade comenta reajuste, festas e gest\u00e3o municipal em Miguel Calmon - Calmon Divulga\u00e7\u00f5es","type":"rich","width":600,"height":338,"html":"<blockquote class=\"wp-embedded-content\" data-secret=\"Oct3Yi7AUF\"><a href=\"https:\/\/calmondivulgacoes.com.br\/en\/ex-vereador-marlus-muriel\/\">Ex-vereador Marlus Muriel Almeida Andrade comenta reajuste, festas e gest\u00e3o municipal em Miguel Calmon<\/a><\/blockquote><iframe sandbox=\"allow-scripts\" security=\"restricted\" src=\"https:\/\/calmondivulgacoes.com.br\/en\/ex-vereador-marlus-muriel\/embed\/#?secret=Oct3Yi7AUF\" width=\"600\" height=\"338\" title=\"&#8220;Ex-vereador Marlus Muriel Almeida Andrade comenta reajuste, festas e gest\u00e3o municipal em Miguel Calmon&#8221; &#8212; Calmon Divulga\u00e7\u00f5es\" data-secret=\"Oct3Yi7AUF\" frameborder=\"0\" marginwidth=\"0\" marginheight=\"0\" scrolling=\"no\" class=\"wp-embedded-content\"><\/iframe><script>\n\/*! This file is auto-generated *\/\n!function(d,l){\"use strict\";l.querySelector&&d.addEventListener&&\"undefined\"!=typeof URL&&(d.wp=d.wp||{},d.wp.receiveEmbedMessage||(d.wp.receiveEmbedMessage=function(e){var t=e.data;if((t||t.secret||t.message||t.value)&&!\/[^a-zA-Z0-9]\/.test(t.secret)){for(var s,r,n,a=l.querySelectorAll('iframe[data-secret=\"'+t.secret+'\"]'),o=l.querySelectorAll('blockquote[data-secret=\"'+t.secret+'\"]'),c=new RegExp(\"^https?:$\",\"i\"),i=0;i<o.length;i++)o[i].style.display=\"none\";for(i=0;i<a.length;i++)s=a[i],e.source===s.contentWindow&&(s.removeAttribute(\"style\"),\"height\"===t.message?(1e3<(r=parseInt(t.value,10))?r=1e3:~~r<200&&(r=200),s.height=r):\"link\"===t.message&&(r=new URL(s.getAttribute(\"src\")),n=new URL(t.value),c.test(n.protocol))&&n.host===r.host&&l.activeElement===s&&(d.top.location.href=t.value))}},d.addEventListener(\"message\",d.wp.receiveEmbedMessage,!1),l.addEventListener(\"DOMContentLoaded\",function(){for(var e,t,s=l.querySelectorAll(\"iframe.wp-embedded-content\"),r=0;r<s.length;r++)(t=(e=s[r]).getAttribute(\"data-secret\"))||(t=Math.random().toString(36).substring(2,12),e.src+=\"#?secret=\"+t,e.setAttribute(\"data-secret\",t)),e.contentWindow.postMessage({message:\"ready\",secret:t},\"*\")},!1)))}(window,document);\n\/\/# sourceURL=https:\/\/calmondivulgacoes.com.br\/wp-includes\/js\/wp-embed.min.js\n<\/script>","thumbnail_url":"https:\/\/calmondivulgacoes.com.br\/wp-content\/uploads\/2026\/04\/marlus.png","thumbnail_width":319,"thumbnail_height":421,"description":"O ex-vereador Marlus Muriel Almeida Andrade (nascido em 01 de abril de 1984) participou de entrevista no Jornal Tribuna Livre da R\u00e1dio Comunit\u00e1ria Canabrava FM 87,9, onde abordou diversos temas atuais de interesse da popula\u00e7\u00e3o de Miguel Calmon. Durante a conversa, Marlus comentou sobre o reajuste concedido pelo Munic\u00edpio ao Poder Legislativo, destacando a import\u00e2ncia [&hellip;]"}

Calmon Divulgações

Ex-vereador Marlus Muriel Almeida Andrade comenta reajuste, festas e gestão municipal em Miguel Calmon - Calmon Divulgações

<blockquote class="wp-embedded-content" data-secret="Oct3Yi7AUF"><a href="https://calmondivulgacoes.com.br/en/ex-vereador-marlus-muriel/">Ex-vereador Marlus Muriel Almeida Andrade comenta reajuste, festas e gestão municipal em Miguel Calmon</a></blockquote><iframe sandbox="allow-scripts" security="restricted" src="https://calmondivulgacoes.com.br/en/ex-vereador-marlus-muriel/embed/#?secret=Oct3Yi7AUF" width="600" height="338" title="&#8220;Ex-vereador Marlus Muriel Almeida Andrade comenta reajuste, festas e gestão municipal em Miguel Calmon&#8221; &#8212; Calmon Divulgações" data-secret="Oct3Yi7AUF" frameborder="0" marginwidth="0" marginheight="0" scrolling="no" class="wp-embedded-content"></iframe><script>
/*! This file is auto-generated */
!function(d,l){"use strict";l.querySelector&&d.addEventListener&&"undefined"!=typeof URL&&(d.wp=d.wp||{},d.wp.receiveEmbedMessage||(d.wp.receiveEmbedMessage=function(e){var t=e.data;if((t||t.secret||t.message||t.value)&&!/[^a-zA-Z0-9]/.test(t.secret)){for(var s,r,n,a=l.querySelectorAll('iframe[data-secret="'+t.secret+'"]'),o=l.querySelectorAll('blockquote[data-secret="'+t.secret+'"]'),c=new RegExp("^https?:$","i"),i=0;i<o.length;i++)o[i].style.display="none";for(i=0;i<a.length;i++)s=a[i],e.source===s.contentWindow&&(s.removeAttribute("style"),"height"===t.message?(1e3<(r=parseInt(t.value,10))?r=1e3:~~r<200&&(r=200),s.height=r):"link"===t.message&&(r=new URL(s.getAttribute("src")),n=new URL(t.value),c.test(n.protocol))&&n.host===r.host&&l.activeElement===s&&(d.top.location.href=t.value))}},d.addEventListener("message",d.wp.receiveEmbedMessage,!1),l.addEventListener("DOMContentLoaded",function(){for(var e,t,s=l.querySelectorAll("iframe.wp-embedded-content"),r=0;r<s.length;r++)(t=(e=s[r]).getAttribute("data-secret"))||(t=Math.random().toString(36).substring(2,12),e.src+="#?secret="+t,e.setAttribute("data-secret",t)),e.contentWindow.postMessage({message:"ready",secret:t},"*")},!1)))}(window,document);
//# sourceURL=https://calmondivulgacoes.com.br/wp-includes/js/wp-embed.min.js
</script>

O ex-vereador Marlus Muriel Almeida Andrade (nascido em 01 de abril de 1984) participou de entrevista no Jornal Tribuna Livre da Rádio Comunitária Canabrava FM 87,9, onde abordou diversos temas atuais de interesse da população de Miguel Calmon. Durante a conversa, Marlus comentou sobre o reajuste concedido pelo Município ao Poder Legislativo, destacando a importância [&hellip;]
